te?
False
Suppose 0 = v + 1050 + 24531. Let q = -18018 - v. Is q composite?
True
Let i = 7 + -7. Suppose -4*m - 2721 = -5*g - i*m, 5*g + 5*m = 2730. Is g a composite number?
True
Let g be (-7)/(-6) - (-4)/(-24). Let i(x) be the first derivative of 125*x**2/2 + 2*x + 4. Is i(g) composite?
False
Let q = 13 + -22. Let p be (q + 2)*(-44)/77. Suppose 3*i = 43 - p. Is i composite?
False
Let u be 5/5 + -1 + 564. Let k = u - 67. Is k prime?
False
Let j(a) be the first derivative of -207*a**2/2 - 7*a + 1. Let r(l) = -2*l + 24. Let f be r(14). Is j(f) prime?
True
Let p = -18 - -26. Is 2 + (4 - p - -3991) a composite number?
False
Let z = 4311 - 2795. Suppose 44*j - 48*j = -z. Is j composite?
False
Suppose l + 2*l - 2*t = 9, -5*l - 2*t - 1 = 0. Let j be 293*l + (-1 - 2). Let r = j + -131. Is r a prime number?
False
Suppose -3*u - 5 = -4*c, -u - 1 = -2*c - 0*c. Is ((-18)/u - 2) + 21 prime?
False
Let i(x) = -2*x**3 - 7*x**2 - 3*x + 11. Let v be i(-5). Suppose -15 = n - v. Is n a prime number?
False
Suppose -5*j - f + 90174 = 0, -90170 = -2*j - 3*j - 5*f. Is j a composite number?
True
Let r be -2*(-4)/((-8)/3). Let d(q) = -379*q + 4. Let j be d(r). Is (-14 + 16)*j/2 composite?
True
Let h(d) = -310*d - 17. Suppose 9*u = 4*u - 35. Is h(u) prime?
True
Let l = 117 + -50. Suppose 3*f + 59 = -l. Let t = 109 + f. Is t a composite number?
False
Suppose -26*m + 4536 = -19*m. Suppose -2*o + m - 242 = 0. Is o a prime number?
False
Let x(g) = -2*g**3 - g**2 + 9*g + 11. Let c be x(-2). Suppose -s + 3684 = -0*s + 5*y, 3*s = -c*y + 11102. Is s prime?
True
Suppose -20 = -4*q, -3*q - 14 = n - 7*q. Let l be -6*((-2)/n)/1. Is (l - 1) + 246/3 a composite number?
False
Let m be -1*(6 + -3 + 0). Let d be (2 - 13)*-5 - m. Let w = d - -45. Is w prime?
True
Let q(z) = -15*z**3 - 33*z**2 - 20*z + 17. Let s(n) = -7*n**3 - 16*n**2 - 10*n + 8. Let j(r) = 6*q(r) - 13*s(r). Is j(-8) composite?
True
Let w(f) = 3*f**3 - 38*f**2 + 27*f. Let m(o) = 2*o**3 - 25*o**2 + 18*o. Let n(s) = -8*m(s) + 5*w(s). Let x be n(9). Suppose x*y = 4*y - 248. Is y composite?
True
Is (123/(-164))/(6/(-63944)) a composite number?
False
Suppose -4*i = -2*h + 1714, 318 = h - i - 536. Let s = h + -220. Is s a prime number?
True
Suppose -9*f + 5035 = -4*f. Suppose i - f = -2*a, 2*a - 4*i - i - 1001 = 0. Is (-1)/(3/12) + a composite?
False
Let o(n) = 205*n**2 + 2*n - 1. Let c be 1/(-2)*-10 + -3. Let d be (-1)/(1/c) + 3. Is o(d) a prime number?
False
Let t be (4 - 0 - 2) + 2. Let u(d) = 2*d**3 - 2*d**2 + d + 3. Is u(t) a composite number?
False
Let d(l) = -31*l**3 + 4*l**2 - 6*l - 5. Let t be d(-4). Suppose t + 378 = 5*f. Suppose 5*u = 4*u + f. Is u a composite number?
True
Let p(s) = 5*s**2 - 4*s + 59. Is p(28) composite?
True
Suppose -45*p = -25*p - 90700. Is p a composite number?
True
Let h = 2217 - 370. Is h a prime number?
True
Let y = -44449 + 84132. Is y composite?
True
Let g(h) = 4*h - 4*h**3 + 4377 - 2*h**2 + h**2 + 0*h**3 + 3*h**3. Is g(0) composite?
True
Suppose 74*p - 1176348 = 62*p. Is p composite?
True
Suppose 0*f - 4*p = -5*f + 79125, 2*f = p + 31653. Is f composite?
True
Let h(r) = -127*r + 11. Let n(p) = -63*p + 5. Let i(l) = -4*h(l) + 7*n(l). Let b be i(5). Let a = b + -89. Is a a prime number?
False
Suppose r = -3*u + 1651, 3*r + 1659 = 4*r + 5*u. Is r a composite number?
True
Let k be 15808/56 - 4/14. Let p be k/4*96/18. Suppose -3*m = d - 160, 4*d - p = 5*m + 247. Is d composite?
False
Suppose -7*n - 3930 - 3392 = 0. Let k(c) = -c**2 + 6*c + 3. Let t be k(6). Is (-1)/((-1)/t) - n a prime number?
True
Let t be (-4)/20 + 942/10. Let o = -5 + t. Is o composite?
False
Let v = 14 + -8. Suppose 0*j - 2*j = 4*h - 54, 0 = -5*h - 4*j + 75. Is h - 12/(v/2) a composite number?
False
Let c(i) = -3 - 9*i**2 - 3*i + 3*i**2 - i**3 + 0. Let n = 12 - 18. Is c(n) composite?
True
Let o(j) = j**3 + 6*j**2 - 8*j - 12. Suppose -r = 5*h, 0 = 3*r - 5*r + 2*h - 12. Is o(r) a prime number?
True
Let x be 8/2*5*17/20. Is 0 - x/2*(-2 - 60) prime?
False
Let a = 36 - 34. Suppose 0 = a*i + 273 - 779. Is i a prime number?
False
Let k(g) = 55*g**2 + 2*g + 2. Suppose 8 - 5 = q. Is k(q) composite?
False
Suppose -5*j + 115 = -0*j. Suppose -j*f = -22*f - 2. Suppose 894 = f*s + d, -2*s = -0*d - 4*d - 874. Is s a composite number?
True
Let g = 787 - -257. Suppose -3*m + 1773 = -g. Is m a composite number?
True
Let t be 45/6*(-72)/5. Let n = t + 167. Is n a composite number?
False
Let z be (-38)/(-6) - 4/(-6). Let t be (-1)/z - 656/14. Let i = t - -84. Is i prime?
True
Let b = -60 + 106. Suppose -4*x - 2*f + 80 = 0, -3*f - 135 + b = -5*x. Is x prime?
True
Suppose 4*h + u + 10 = 0, -3*h - 1 = 2*u + 2*u. Let v be (-32)/4*h/4. Is ((-332)/v)/(2/(-3)) a composite number?
False
Let v(t) = 179*t**2 - 27*t - 104. Is v(-6) a composite number?
True
Is 12621 + (-17)/((-34)/(-20)) a prime number?
True
Let o(s) = 596*s + 3. Let g be o(-2). Let k = -795 - g. Suppose k - 1209 = -5*z. Is z a composite number?
False
Let v(x) = x**3 + 5*x**2 - 10*x + 7. Let s(y) = y**2 + 5*y - 6. Let c be s(-5). Is v(c) a composite number?
False
Is 3 - 4/18*51*-12 a prime number?
True
Suppose 3*t - 7372 = 1955. Is t a composite number?
False
Let b be (-2)/(-5*(34/10 - 3)). Is b + 1 - (183*9)/(-3) prime?
False
Suppose -4*p - 3*i = 1408, -3*p + i - 1069 = -0*p. Let a be (0 + -1)/(19/13946). Let c = p - a. Is c prime?
True
Suppose 0 = -4*y + 3*m + 35, 0*m + 10 = -3*y - 5*m. Suppose y*x - 25 = -5*u, -4*u + 5*x - 3 = -5. Suppose -132 = a - 5*a + 4*r, 0 = u*r. Is a a prime number?
False
Let m = -1586 - -2708. Suppose -m = -4*n + 1102. Suppose 1671 = 5*t + n. Is t prime?
True
Let o be 346 - (-2)/(-4)*6. Suppose -2*r - 8*g = -3*g - 9, 6 = 2*r + 2*g. Is (r - 3)/((-7)/o) a composite number?
True
Let d be (14/(-35))/(1/90). Let u = 1021 - 422. Let m = d + u. Is m a prime number?
True
Suppose 203 = -p + 2*q + 704, -p - 3*q = -496. Is p a prime number?
True
Suppose 5*u = -4*b + 47797, 2*u - 1059 = -2*b + 22841. Is b a composite number?
False
Suppose 86*g = 88*g - 4618. Is g a composite number?
False
Let p = -10 + 16. Let g(l) = -l + 11. Let w be g(p). Let u = w - -14. Is u a prime number?
True
Suppose -2 = 3*q + 13. Let y be q - -6 - (5 + 0). Is (-4 - (y - 669))*1 a prime number?
False
Suppose -m - 7 = u, -2*m + 63 = -4*u + 17. Let f(c) = -86*c + 29. Is f(u) composite?
True
Let x = 2083 - 746. Suppose 4*h = z - 571, 5*h - x = -5*z + 1468. Is z a composite number?
False
Suppose -2*i + 1 = -9, 4*i + 9776 = 4*o. Is o composite?
True
Is 7325 + (-1 - (-33)/11) a composite number?
True
Suppose 5*m - 544 = -2*l, -5*l = -0*m + m - 1383. Let k(d) = -116*d**2 - d + 1. Let z be k(1). Let p = z + l. Is p a prime number?
False
Is 37060 - (-11 + (4 - 2) + 6) a prime number?
False
Let k(b) = 5*b**2 - 3*b - 19. Let z(d) = 6*d + 6*d - 9 - d**2 + 6 - 10. Let a be z(10). Is k(a) a composite number?
True
Suppose 2*v = 2*h - 0*v - 1856, h - 5*v = 932. Suppose -t - 5*c = -h, -t + 1042 - 135 = -5*c. Is t prime?
False
Is ((-38033)/(-146))/(2/116*1) composite?
True
Suppose 113*a = 4*f + 110*a - 22324, 0 = 3*f + 5*a - 16743. Is f a prime number?
True
Suppose 0 = 5*w - 17*w + 16560. Let c = w + -747. Is c a prime number?
False
Let w = 8 - 13. Let p(z) = -8*z**3 + 2*z**2 - 7. Is p(w) a composite number?
True
Let u(i) = i - 9. Let w be u(11). Suppose 0*k + 809 = k + w*f, 2*k = -5*f + 1622. Suppose 1516 = 7*t - k. Is t prime?
True
Let q be -4 + 5 + -5 - -6. Let d(f) = 5*f - 1. Let i be d(1). Suppose i*u = -l + 114, q*u = -l - 35 + 145. Is l a composite number?
True
Let m = 52 - 95. Let v = 12 - m. Is v a composite number?
True
Let z(v) be the second derivative of -290*v**3/3 + v**2/2 + 23*v. Let t(d) = d**2 - 4*d + 2. Let j be t(3). Is z(j) composite?
True
Let q(k) = -2*k + k + 8*k**3 + 11 + 10*k**2 - 14*k**3 + 5*k**3. Is q(9) a composite number?
False
Let o(v) = -v**2 - 6*v - 2. Let l be o(-4). Let w be 6/l - (-4)/1. Suppose w*z - 2*z - 1533 = 0. Is z composite?
True
Let a(t) = 4*t**2 - 2*t + 1. Let p be a(1). Let z = p + 128. Is z prime?
True
Let g = 3 - 11. Let a(z) = 13*z**3 + 13*z**2 - 2*z - 17. Let q(c) = 7*c**3 + 7*c**2 - c - 9. Let d(t) = -6*a(t) + 11*q(t). Is d(g) a composite number?
False
Let p be (4520/12)/((-4)/(-6)) - 3. Suppose -467 = 5*f + 688. Let m = f + p. Is m prime?
True
Let w be -1 - 7/(2